late the remainder when 1188288 is divided by 5658.
108
Calculate the remainder when 4539326 is divided by 18013.
50
Calculate the remainder when 1196391 is divided by 598146.
99
Calculate the remainder when 76850617 is divided by 211.
197
Calculate the remainder when 76155 is divided by 231.
156
Calculate the remainder when 1231466 is divided by 375.
341
What is the remainder when 402320 is divided by 402275?
45
What is the remainder when 13616241 is divided by 18?
15
Calculate the remainder when 352703 is divided by 546.
533
What is the remainder when 968154 is divided by 274?
112
What is the remainder when 2563595 is divided by 854465?
200
What is the remainder when 308983 is divided by 128?
119
Calculate the remainder when 46957 is divided by 15616.
109
Calculate the remainder when 516986 is divided by 1219.
130
Calculate the remainder when 427628 is divided by 6197.
35
What is the remainder when 195797331 is divided by 31?
29
What is the remainder when 6080342 is divided by 109?
104
What is the remainder when 99055264 is divided by 95?
94
Calculate the remainder when 39208 is divided by 19501.
206
Calculate the remainder when 968384 is divided by 564.
560
Calculate the remainder when 1441934 is divided by 3241.
2930
What is the remainder when 84094 is divided by 28017?
43
What is the remainder when 36785 is divided by 36770?
15
What is the remainder when 397110 is divided by 185?
100
Calculate the remainder when 8564939 is divided by 133827.
11
Calculate the remainder when 926084 is divided by 27237.
26
Calculate the remainder when 3468641 is divided by 865.
856
Calculate the remainder when 101321035 is divided by 377.
23
What is the remainder when 321266 is divided by 63831?
2111
Calculate the remainder when 469599243 is divided by 9318.
9315
What is the remainder when 919837 is divided by 1721?
823
Calculate the remainder when 2566874 is divided by 1386.
2
Calculate the remainder when 4669293 is divided by 106120.
13
What is the remainder when 80180 is divided by 16008?
140
What is the remainder when 15161132 is divided by 48593?
116
What is the remainder when 48163 is divided by 1267?
17
Calculate the remainder when 5133465 is divided by 330.
315
Calculate the remainder when 923987 is divided by 2191.
1576
Calculate the remainder when 57871474 is divided by 5224.
2
Calculate the remainder when 80342 is divided by 1306.
676
What is the remainder when 2237572 is divided by 517?
513
What is the remainder when 4479526 is divided by 796?
434
What is the remainder when 11631499 is divided by 279?
268
Calculate the remainder when 40538 is divided by 171.
11
What is the remainder when 261831 is divided by 20107?
440
What is the remainder when 956778 is divided by 4?
2
Calculate the remainder when 26459053 is divided by 1281.
1279
Calculate the remainder when 109630 is divided by 382.
378
Calculate the remainder when 1891268 is divided by 945575.
118
Calculate the remainder when 775833 is divided by 387860.
113
Calculate the remainder when 44931518 is divided by 19.
14
What is the remainder when 1170736 is divided by 1593?
1474
Calculate the remainder when 13663942 is divided by 3023.
3005
What is the remainder when 12071 is divided by 11824?
247
What is the remainder when 8242491 is divided by 33?
15
Calculate the remainder when 6409389 is divided by 6110.
6109
Calculate the remainder when 26662 is divided by 2417.
75
Calculate the remainder when 27309308 is divided by 119.
117
What is the remainder when 711741 is divided by 1999?
97
Calculate the remainder when 60517199 is divided by 4350.
4349
What is the remainder when 175030 is divided by 1295?
205
Calculate the remainder when 23382 is divided by 109.
56
What is the remainder when 14512490 is divided by 16089?
212
Calculate the remainder when 17427 is divided by 2275.
1502
Calculate the remainder when 185823 is divided by 4038.
75
Calculate the remainder when 6598139 is divided by 122.
13
Calculate the remainder when 6837838 is divided by 59.
33
What is the remainder when 1110307 is divided by 2041?
3
What is the remainder when 13758640 is divided by 41?
24
Calculate the remainder when 70956 is divided by 70842.
114
What is the remainder when 1012583 is divided by 1012158?
425
What is the remainder when 2227899 is divided by 1581?
270
Calculate the remainder when 7712549 is divided by 1542492.
89
Calculate the remainder when 281863 is divided by 984.
439
What is the remainder when 39130883 is divided by 9782719?
7
Calculate the remainder when 358712 is divided by 1295.
1292
Calculate the remainder when 9984160 is divided by 11.
10
What is the remainder when 129336 is divided by 908?
400
Calculate the remainder when 538366 is divided by 38453.
24
What is the remainder when 136867 is divided by 1207?
476
What is the remainder when 218705 is divided by 15621?
11
What is the remainder when 1546900 is divided by 77343?
40
What is the remainder when 21012177 is divided by 4?
1
What is the remainder when 39170148 is divided by 152413?
7
What is the remainder when 120100 is divided by 3257?
2848
What is the remainder when 4938337 is divided by 31057?
274
Calculate the remainder when 18628533 is divided by 566.
341
What is the remainder when 90317 is divided by 1647?
1379
Calculate the remainder when 16201 is divided by 6280.
3641
What is the remainder when 2342041 is divided by 8076?
1
Calculate the remainder when 12707388 is divided by 893.
891
Calculate the remainder when 57757 is divided by 4689.
1489
Calculate the remainder when 142837 is divided by 1881.
1762
Calculate the remainder when 38175 is divided by 6360.
15
Calculate the remainder when 2859591 is divided by 147.
0
What is the remainder when 781180997 is divided by 200?
197
What is the remainder when 2135099 is divided by 64?
59
Calculate the remainder when 1492744 is divided by 6785.
44
What is the remainder when 126339133 is divided by 248?
245
What is the remainder when 30871 is divided by 283?
24
Calculate the remainder when 8142967 is divided by 786.
7
What is the remainder when 160948 is divided by 150?
148
What is the remainder when 332953 is divided by 110689?
886
What is the remainder when 5335556 is divided by 30?
26
What is the remainder when 11773607 is divided by 1329?
1325
Calculate the remainder when 16431756 is divided by 139.
10
Calculate the remainder when 1617695 is divided by 1059.
602
What is the remainder when 596169 is divided by 5912?
4969
Calculate the remainder when 8989 is divided by 17.
13
What is the remainder when 10790 is divided by 2247?
1802
What is the remainder when 67811 is divided by 1076?
23
What is the remainder when 5925588 is divided by 1975194?
6
What is the remainder when 1890845 is divided by 768?
29
What is the remainder when 39340877 is divided by 125?
2
Calculate the remainder when 17094 is divided by 17067.
27
What is the remainder when 19108914 is divided by 62244?
6
Calculate the remainder when 2112646 is divided by 659.
551
Calculate the remainder when 109592 is divided by 480.
152
What is the remainder when 794212 is divided by 7026?
274
What is the remainder when 100135 is divided by 32335?
3130
Calculate the remainder when 4469891 is divided by 737.
723
What is the remainder when 18499296 is divided by 204?
168
What is the remainder when 58816 is divided by 1152?
64
Calculate the remainder when 149939 is divided by 29980.
39
Calculate the remainder when 475021 is divided by 158325.
46
Calculate the remainder when 14022972 is divided by 79.
77
What is the remainder when 94328957 is divided by 29?
19
Calculate the remainder when 924345 is divided by 946.
103
Calculate the remainder when 1032285 is divided by 25804.
125
Calculate the remainder when 30577528 is divided by 192.
184
What is the remainder when 107126673 is divided by 86?
85
What is the remainder when 18093085 is divided by 16?
13
Calculate the remainder when 804996 is divided by 2070.
1836
Calculate the remainder when 63060 is divided by 1096.
588
What is the remainder when 2714303 is divided by 67?
66
Calculate the remainder when 156708388 is divided by 243336.
4
What is the remainder when 9418773 is divided by 1812?
1809
What is the remainder when 9631748 is divided by 12223?
24
What is the remainder when 2291897 i